prime factors of 49726.
2, 23, 47
List the prime factors of 731.
17, 43
List the prime factors of 5655.
3, 5, 13, 29
List the prime factors of 234.
2, 3, 13
List the prime factors of 856.
2, 107
What are the prime factors of 9371?
9371
What are the prime factors of 7414?
2, 11, 337
What are the prime factors of 3530?
2, 5, 353
What are the prime factors of 2797?
2797
What are the prime factors of 1932?
2, 3, 7, 23
List the prime factors of 3857.
7, 19, 29
List the prime factors of 505.
5, 101
What are the prime factors of 71182?
2, 35591
List the prime factors of 32622.
2, 3, 5437
What are the prime factors of 3126?
2, 3, 521
What are the prime factors of 15618?
2, 3, 19, 137
List the prime factors of 135402.
2, 3, 22567
What are the prime factors of 30873?
3, 41, 251
List the prime factors of 4222.
2, 2111
What are the prime factors of 1928?
2, 241
What are the prime factors of 2097?
3, 233
List the prime factors of 1007.
19, 53
List the prime factors of 37039.
37039
What are the prime factors of 15374?
2, 7687
What are the prime factors of 25574?
2, 19, 673
List the prime factors of 1089.
3, 11
What are the prime factors of 12789?
3, 7, 29
List the prime factors of 411.
3, 137
List the prime factors of 12581.
23, 547
List the prime factors of 1115.
5, 223
What are the prime factors of 4781?
7, 683
What are the prime factors of 2122?
2, 1061
What are the prime factors of 1525?
5, 61
List the prime factors of 266.
2, 7, 19
What are the prime factors of 3777?
3, 1259
What are the prime factors of 45845?
5, 53, 173
List the prime factors of 15236.
2, 13, 293
What are the prime factors of 149119?
149119
List the prime factors of 3618.
2, 3, 67
List the prime factors of 3343.
3343
List the prime factors of 4685.
5, 937
List the prime factors of 22785.
3, 5, 7, 31
List the prime factors of 1448.
2, 181
List the prime factors of 4449.
3, 1483
What are the prime factors of 293?
293
What are the prime factors of 12589?
12589
What are the prime factors of 726?
2, 3, 11
What are the prime factors of 30464?
2, 7, 17
What are the prime factors of 112063?
7, 2287
What are the prime factors of 912?
2, 3, 19
List the prime factors of 35022.
2, 3, 13, 449
List the prime factors of 1180.
2, 5, 59
List the prime factors of 1280.
2, 5
What are the prime factors of 1621?
1621
What are the prime factors of 34419?
3, 7, 11, 149
List the prime factors of 897.
3, 13, 23
What are the prime factors of 4590?
2, 3, 5, 17
What are the prime factors of 132?
2, 3, 11
List the prime factors of 1040.
2, 5, 13
What are the prime factors of 22003?
22003
List the prime factors of 19805.
5, 17, 233
List the prime factors of 1516.
2, 379
What are the prime factors of 240?
2, 3, 5
List the prime factors of 26988.
2, 3, 13, 173
List the prime factors of 1220.
2, 5, 61
What are the prime factors of 3593?
3593
List the prime factors of 1118.
2, 13, 43
What are the prime factors of 851?
23, 37
What are the prime factors of 31710?
2, 3, 5, 7, 151
List the prime factors of 687.
3, 229
What are the prime factors of 85784?
2, 10723
List the prime factors of 14119.
7, 2017
List the prime factors of 1683.
3, 11, 17
List the prime factors of 1546.
2, 773
List the prime factors of 20647.
11, 1877
List the prime factors of 6975.
3, 5, 31
What are the prime factors of 25?
5
What are the prime factors of 66756?
2, 3, 5563
What are the prime factors of 134989?
134989
What are the prime factors of 9517?
31, 307
What are the prime factors of 378?
2, 3, 7
What are the prime factors of 5522?
2, 11, 251
List the prime factors of 24751.
53, 467
What are the prime factors of 1180?
2, 5, 59
What are the prime factors of 362?
2, 181
What are the prime factors of 29?
29
List the prime factors of 12019.
7, 17, 101
What are the prime factors of 3759?
3, 7, 179
List the prime factors of 31807.
17, 1871
List the prime factors of 71745.
3, 5, 4783
List the prime factors of 32162.
2, 13, 1237
List the prime factors of 255.
3, 5, 17
List the prime factors of 3403.
41, 83
What are the prime factors of 10843?
7, 1549
What are the prime factors of 1786?
2, 19, 47
What are the prime factors of 215?
5, 43
What are the prime factors of 21522?
2, 3, 17, 211
What are the prime factors of 4552?
2, 569
List the prime factors of 8372.
2, 7, 13, 23
What are the prime factors of 1203?
3, 401
What are the prime factors of 61113?
3, 13, 1567
List the prime factors of 532.
2, 7, 19
List the prime factors of 742.
2, 7, 53
What are the prime factors of 2780?
2, 5, 139
List the prime factors of 4582.
2, 29, 79
List the prime factors of 2533.
17, 149
What are the prime factors of 131745?
3, 5, 8783
List the prime factors of 243.
3
List the prime factors of 90568.
2, 11321
List the prime factors of 481.
13, 37
What are the prime factors of 23659?
59, 401
What are the prime factors of 486?
2, 3
What are the prime factors of 21395?
5, 11, 389
What are the prime factors of 1924?
2, 13, 37
List the prime factors of 2167.
11, 197
What are the prime factors of 7117?
11, 647
List the prime factors of 549.
3, 61
What are the prime factors of 3410?
2, 5, 11, 31
What are the prime factors of 10971?
3, 23, 53
What are the prime factors of 14181?
3, 29, 163
What are the prime factors of 5530?
2, 5, 7, 79
What are the prime factors of 371?
7, 53
What are the prime factors of 40416?
2, 3, 421
What are the prime factors of 2793?
3, 7, 19
List the prime factors of 77987.
7, 13, 857
List the prime factors of 71.
71
List the prime factors of 930.
2, 3, 5, 31
List the prime factors of 1517.
37, 41
What are the prime factors of 513?
3, 19
What are the prime factors of 5238?
2, 3, 97
List the prime factors of 74294.
2, 11, 307
List the prime factors of 2916.
2, 3
List the prime factors of 7169.
67, 107
What are the prime factors of 128799?
3, 11, 1301
What are the prime factors of 46895?
5, 83, 113
List the prime factors of 21043.
11, 1913
List the prime factors of 3544.
2, 443
What are the prime factors of 32187?
3, 10729
What are the prime factors of 30026?
2, 15013
What are the prime factors of 38287?
38287
List the prime factors of 27535.
5, 5507
List the prime factors of 15172.
2, 3793
What are the prime factors of 509?
509
List the prime factors of 44527.
7, 6361
What are the prime factors of 4794?
2, 3, 17, 47
What are the prime factors of 57841?
7, 8263
List the prime factors of 35265.
3, 5, 2351
What are the prime factors of 845?
5, 13
What are the prime factors of 1505?
5, 7, 43
List the prime factors of 1093.
1093
What are the prime factors of 26240?
2, 5, 41
List the prime factors of 1092.
2, 3, 7, 13
What are the prime factors of 449?
449
List the prime factors of 616.
2, 7, 11
List the prime factors of 24423.
3, 7, 1163
What are the prime factors of 813?
3, 271
What are the prime factors of 184?
2, 23
List the prime factors of 564.
2, 3, 47
List the prime factors of 878.
2, 439
What are the prime factors of 34275?
3, 5, 457
List the prime factors of 3084.
2, 3, 257
What are the prime factors of 8127?
3, 7, 43
List the prime factors of 56691.
3, 6299
List the prime factors of 1086.
2, 3, 181
List the prime factors of 11432.
2, 1429
List the prime factors of 8934.
2, 3, 1489
What are the prime factors of 105084?
2, 3, 7, 139
List the prime factors of 1373.
1373
List the prime factors of 27720.
2, 3, 5, 7, 11
What are the prime factors of 113505?
3, 5, 7, 23, 47
List the prime factors of 696.
2, 3, 29
What are the prime factors of 4315?
5, 863
List the prime factors of 1905.
3, 5, 127
What are the prime factors of 3012?
2, 3, 251
What are the prime factors of 113452?
2, 113, 251
List the prime factors of 1454.
2, 727
What are the prime factors of 3465?
3, 5, 7, 11
List the prime factors of 5897.
5897
What are the prime factors of 2017?
2017
List the prime factors of 17022.
2, 3, 2837
What are the prime factors of 5320?
2, 5, 7, 19
What are the prime factors of 69225?
3, 5, 13, 71
List the prime factors of 82556.
2, 20639
List the prime factors of 2055.
3, 5, 137
What are the prime factors of 72449?
13, 5573
List the prime factors of 12001.
11, 1091
What are the prime factors of 36301?
31, 1171
List the prime factors of 5403.
3, 1801
List the prime factors of 179.
179
List the prime factors of 37837.
157, 241
List the prime factors of 1507.